{"id":2170,"date":"2019-06-12T14:07:31","date_gmt":"2019-06-12T17:07:31","guid":{"rendered":"http:\/\/portaldeboaspraticas.iff.fiocruz.br\/apice\/?page_id=2170"},"modified":"2019-06-14T09:25:32","modified_gmt":"2019-06-14T12:25:32","slug":"assistencia-ao-parto-normal-e-tema-do-apiceon","status":"publish","type":"page","link":"https:\/\/portaldeboaspraticas.iff.fiocruz.br\/apice\/assistencia-ao-parto-normal-e-tema-do-apiceon\/","title":{"rendered":"Parto Normal baseado em Evid\u00eancias Cient\u00edficas \u00e9 tema do ApiceON"},"content":{"rendered":"<p><a href=\"http:\/\/portaldeboaspraticas.iff.fiocruz.br\/apice\/wp-content\/uploads\/2019\/06\/Assist\u00eancia-ao-parto-normal_-baseado-em-evid\u00eancias-cient\u00edficas-o-que-fazer-e-o-que-n\u00e3o-fazer_.jpg\" target=\"_blank\" rel=\"noopener\"><img decoding=\"async\" class=\"aligncenter wp-image-2162 size-full\" src=\"http:\/\/portaldeboaspraticas.iff.fiocruz.br\/apice\/wp-content\/uploads\/2019\/06\/Assist\u00eancia-ao-parto-normal_-baseado-em-evid\u00eancias-cient\u00edficas-o-que-fazer-e-o-que-n\u00e3o-fazer_.jpg\" alt=\"\" width=\"70%\" height=\"70%\" srcset=\"https:\/\/portaldeboaspraticas.iff.fiocruz.br\/apice\/wp-content\/uploads\/2019\/06\/Assist\u00eancia-ao-parto-normal_-baseado-em-evid\u00eancias-cient\u00edficas-o-que-fazer-e-o-que-n\u00e3o-fazer_.jpg 800w, https:\/\/portaldeboaspraticas.iff.fiocruz.br\/apice\/wp-content\/uploads\/2019\/06\/Assist\u00eancia-ao-parto-normal_-baseado-em-evid\u00eancias-cient\u00edficas-o-que-fazer-e-o-que-n\u00e3o-fazer_-120x300.jpg 120w, https:\/\/portaldeboaspraticas.iff.fiocruz.br\/apice\/wp-content\/uploads\/2019\/06\/Assist\u00eancia-ao-parto-normal_-baseado-em-evid\u00eancias-cient\u00edficas-o-que-fazer-e-o-que-n\u00e3o-fazer_-768x1920.jpg 768w, https:\/\/portaldeboaspraticas.iff.fiocruz.br\/apice\/wp-content\/uploads\/2019\/06\/Assist\u00eancia-ao-parto-normal_-baseado-em-evid\u00eancias-cient\u00edficas-o-que-fazer-e-o-que-n\u00e3o-fazer_-410x1024.jpg 410w\" sizes=\"(max-width: 800px) 100vw, 800px\" \/><\/a><\/p>\n<p style=\"text-align: center;\"><a href=\"http:\/\/portaldeboaspraticas.iff.fiocruz.br\/apice\/wp-content\/uploads\/2019\/06\/Assist\u00eancia-ao-parto-normal_-baseado-em-evid\u00eancias-cient\u00edficas-o-que-fazer-e-o-que-n\u00e3o-fazer_.pdf\" target=\"_blank\" rel=\"noopener\">Download em PDF<\/a><\/p>\n<p>&nbsp;<\/p>\n<p style=\"text-align: justify;\"><strong>Conte\u00fado Relacionado:<\/strong><\/p>\n<ul style=\"text-align: justify;\">\n<li><a href=\"http:\/\/portaldeboaspraticas.iff.fiocruz.br\/apice\/intervencoes-obstetricas-durante-o-trabalho-de-parto-e-parto-em-mulheres-brasileiras-de-risco-habitual\/\" target=\"_blank\" rel=\"noopener\">Pr\u00e1ticas de Aten\u00e7\u00e3o ao Parto e ao Nascimento baseadas em Evid\u00eancias Cient\u00edficas<\/a><\/li>\n<li style=\"text-align: justify;\">Postagem Portal de Boas Pr\u00e1ticas &#8211;\u00a0<a href=\"http:\/\/portaldeboaspraticas.iff.fiocruz.br\/especialista\/cuidado-a-mulher-em-trabalho-de-parto\/\" target=\"_blank\" rel=\"noopener noreferrer\" data-saferedirecturl=\"https:\/\/www.google.com\/url?q=http:\/\/portaldeboaspraticas.iff.fiocruz.br\/especialista\/cuidado-a-mulher-em-trabalho-de-parto\/&amp;source=gmail&amp;ust=1560384338260000&amp;usg=AFQjCNEvLvlmkX_g6bZIyM3q0HtdJy2axw\">Cuidado \u00e0 Mulher em Trabalho de Parto: boas pr\u00e1ticas no primeiro per\u00edodo<\/a><\/li>\n<li style=\"text-align: justify;\">Postagem Portal de Boas Pr\u00e1ticas &#8211;\u00a0<a href=\"http:\/\/portaldeboaspraticas.iff.fiocruz.br\/atencao-mulher\/cuidado-a-mulher-em-trabalho-de-parto-boas-praticas-no-segundo-periodo\/\" target=\"_blank\" rel=\"noopener noreferrer\" data-saferedirecturl=\"https:\/\/www.google.com\/url?q=http:\/\/portaldeboaspraticas.iff.fiocruz.br\/atencao-mulher\/cuidado-a-mulher-em-trabalho-de-parto-boas-praticas-no-segundo-periodo\/&amp;source=gmail&amp;ust=1560384338260000&amp;usg=AFQjCNGvMJRXVcwEtYnkaYTirUfFSyu-LQ\">Cuidado \u00e0 Mulher em Trabalho de Parto: boas pr\u00e1ticas no segundo per\u00edodo<\/a><\/li>\n<li style=\"text-align: justify;\">Postagem Portal de Boas Pr\u00e1ticas &#8211; <a href=\"http:\/\/portaldeboaspraticas.iff.fiocruz.br\/atencao-mulher\/cuidado-a-mulher-em-trabalho-de-parto-boas-praticas-no-3o-e-4o-periodos\/\" target=\"_blank\" rel=\"noopener\">Cuidado \u00e0 Mulher em Trabalho de Parto: boas pr\u00e1ticas no 3\u00ba e 4\u00ba per\u00edodos<\/a><\/li>\n<li>Postagem Portal de Boas Pr\u00e1ticas &#8211;\u00a0<a href=\"http:\/\/portaldeboaspraticas.iff.fiocruz.br\/atencao-mulher\/trabalho-interdisciplinar-na-assistencia-ao-parto-e-nascimento-a-atuacao-da-enfermagem-obstetrica\/\" target=\"_blank\" rel=\"noopener\">A Atua\u00e7\u00e3o da Enfermagem Obst\u00e9trica na Equipe Multidisciplinar<\/a><\/li>\n<li>Encontro com o Especialista Portal de Boas Pr\u00e1ticas &#8211;\u00a0<a href=\"http:\/\/portaldeboaspraticas.iff.fiocruz.br\/especialista\/cuidado-ao-recem-nascido-no-parto-e-nascimento\/\" target=\"_blank\" rel=\"noopener\">Cuidado ao Rec\u00e9m-nascido no Parto e Nascimento<\/a><\/li>\n<li>Encontro com o Especialista Portal de Boas Pr\u00e1ticas &#8211;\u00a0<a href=\"http:\/\/portaldeboaspraticas.iff.fiocruz.br\/especialista\/desafios-para-o-contato-pele-a-pele-ao-nascer\/\" target=\"_blank\" rel=\"noopener\">Desafios para o Contato Pele a Pele ao Nascer<\/a><\/li>\n<\/ul>\n<p style=\"text-align: justify;\">\n","protected":false},"excerpt":{"rendered":"<p>Download em PDF &nbsp; Conte\u00fado Relacionado: Pr\u00e1ticas de Aten\u00e7\u00e3o ao Parto e ao Nascimento baseadas em Evid\u00eancias Cient\u00edficas Postagem Portal de Boas Pr\u00e1ticas &#8211;\u00a0Cuidado \u00e0 Mulher em Trabalho de Parto: boas pr\u00e1ticas no primeiro per\u00edodo Postagem Portal de Boas Pr\u00e1ticas &#8211;\u00a0Cuidado \u00e0 Mulher em Trabalho de Parto: boas pr\u00e1ticas no segundo per\u00edodo Postagem Portal de [&hellip;]<\/p>\n","protected":false},"author":2,"featured_media":1166,"parent":0,"menu_order":0,"comment_status":"closed","ping_status":"closed","template":"","meta":{"footnotes":""},"class_list":["post-2170","page","type-page","status-publish","has-post-thumbnail","hentry"],"_links":{"self":[{"href":"https:\/\/portaldeboaspraticas.iff.fiocruz.br\/apice\/wp-json\/wp\/v2\/pages\/2170","targetHints":{"allow":["GET"]}}],"collection":[{"href":"https:\/\/portaldeboaspraticas.iff.fiocruz.br\/apice\/wp-json\/wp\/v2\/pages"}],"about":[{"href":"https:\/\/portaldeboaspraticas.iff.fiocruz.br\/apice\/wp-json\/wp\/v2\/types\/page"}],"author":[{"embeddable":true,"href":"https:\/\/portaldeboaspraticas.iff.fiocruz.br\/apice\/wp-json\/wp\/v2\/users\/2"}],"replies":[{"embeddable":true,"href":"https:\/\/portaldeboaspraticas.iff.fiocruz.br\/apice\/wp-json\/wp\/v2\/comments?post=2170"}],"version-history":[{"count":12,"href":"https:\/\/portaldeboaspraticas.iff.fiocruz.br\/apice\/wp-json\/wp\/v2\/pages\/2170\/revisions"}],"predecessor-version":[{"id":2402,"href":"https:\/\/portaldeboaspraticas.iff.fiocruz.br\/apice\/wp-json\/wp\/v2\/pages\/2170\/revisions\/2402"}],"wp:featuredmedia":[{"embeddable":true,"href":"https:\/\/portaldeboaspraticas.iff.fiocruz.br\/apice\/wp-json\/wp\/v2\/media\/1166"}],"wp:attachment":[{"href":"https:\/\/portaldeboaspraticas.iff.fiocruz.br\/apice\/wp-json\/wp\/v2\/media?parent=2170"}],"curies":[{"name":"wp","href":"https:\/\/api.w.org\/{rel}","templated":true}]}}