{"id":2451,"date":"2019-07-08T00:13:23","date_gmt":"2019-07-08T03:13:23","guid":{"rendered":"http:\/\/portaldeboaspraticas.iff.fiocruz.br\/apice\/?page_id=2451"},"modified":"2020-03-16T12:09:02","modified_gmt":"2020-03-16T15:09:02","slug":"hospital-de-base-dr-ary-pinheiro","status":"publish","type":"page","link":"https:\/\/portaldeboaspraticas.iff.fiocruz.br\/apice\/o-projeto\/hospitais-que-integram-o-projeto-apice-on\/hospital-de-base-dr-ary-pinheiro\/","title":{"rendered":"HOSPITAL DE BASE DR. ARY PINHEIRO"},"content":{"rendered":"<p style=\"text-align: justify;\"><span style=\"font-size: 20px;\"><strong>Regi\u00e3o Norte<\/strong><\/span><\/p>\n<p style=\"text-align: justify;\"><img decoding=\"async\" class=\"alignnone wp-image-2405 size-full\" src=\"http:\/\/portaldeboaspraticas.iff.fiocruz.br\/apice\/wp-content\/uploads\/2019\/07\/HOSPITAL-DE-BASE-DR.-ARY-PINHEIRO.jpg\" alt=\"\" width=\"70%\" height=\"70%\" srcset=\"https:\/\/portaldeboaspraticas.iff.fiocruz.br\/apice\/wp-content\/uploads\/2019\/07\/HOSPITAL-DE-BASE-DR.-ARY-PINHEIRO.jpg 800w, https:\/\/portaldeboaspraticas.iff.fiocruz.br\/apice\/wp-content\/uploads\/2019\/07\/HOSPITAL-DE-BASE-DR.-ARY-PINHEIRO-300x225.jpg 300w, https:\/\/portaldeboaspraticas.iff.fiocruz.br\/apice\/wp-content\/uploads\/2019\/07\/HOSPITAL-DE-BASE-DR.-ARY-PINHEIRO-768x576.jpg 768w\" sizes=\"(max-width: 800px) 100vw, 800px\" \/><\/p>\n<p style=\"text-align: justify;\">Endere\u00e7o: Av. Gov. Jorge Teixeira, 3766 &#8211; Industrial, Porto Velho &#8211; RO, 76821-092<br \/>\nContato: (69) 3216-5700<br \/>\nSite: <a href=\"http:\/\/www.rondonia.ro.gov.br\/\" target=\"_blank\" rel=\"noopener noreferrer\">http:\/\/www.rondonia.ro.gov.br\/<\/a><\/p>\n<p style=\"text-align: center;\"><img decoding=\"async\" class=\"aligncenter size-full wp-image-1471\" src=\"http:\/\/portaldeboaspraticas.iff.fiocruz.br\/apice\/wp-content\/uploads\/2019\/03\/aspas_depoimentos1.jpg\" alt=\"\" width=\"10%\" height=\"10%\" \/><\/p>\n<p style=\"text-align: center;\"><strong>Depoimentos ApiceON<\/strong><\/p>\n<blockquote>\n<p style=\"text-align: justify;\"><span style=\"font-size: 14px;\">&#8220;Uma coisa que eu acho muito importante no ApiceON e \u00e9 interessante difundir \u00e9 a quest\u00e3o da responsabiliza\u00e7\u00e3o, porque isso gera uma obriga\u00e7\u00e3o. De certo modo uma ades\u00e3o, principalmente como a gente tem aqui representantes da assist\u00eancia, mas da gest\u00e3o. \u00c9 importante a dire\u00e7\u00e3o estar envolvida para abra\u00e7ar realmente esse projeto e melhorar os \u00edndices. O projeto vem muito a calhar como forma de enriquecer e fortalecer a busca por melhorias. Os semin\u00e1rios, as discuss\u00f5es que ocorrem por meio das a\u00e7\u00f5es do ApiceON s\u00e3o capazes de nos municiar de argumentos para buscarmos junto aos principais gestores que tomam as decis\u00f5es.&#8221; <strong><em>Andrea Castro Aquino Malaquias \u2013 M\u00e9dica Coordenadora da UTI Neonatal do Hospital de Base Ary Pinheiro<\/em><\/strong><\/span><\/p>\n<\/blockquote>\n<p>&nbsp;<\/p>\n<p style=\"text-align: justify;\"><strong>Conte\u00fado Relacionado:<\/strong><\/p>\n<ul style=\"text-align: justify;\">\n<li style=\"text-align: justify;\">Not\u00edcias ApiceON &#8211; <a href=\"http:\/\/portaldeboaspraticas.iff.fiocruz.br\/apice\/hospital-de-base-dr-ary-pinheiro-realiza-oficinas-de-acolhimento-em-rondonia\/\" target=\"_blank\" rel=\"noopener noreferrer\">Hospital de Base Dr. Ary Pinheiro realiza oficinas de acolhimento em Rond\u00f4nia<\/a><\/li>\n<li style=\"text-align: justify;\">Not\u00edcias ApiceON &#8211; <a href=\"http:\/\/portaldeboaspraticas.iff.fiocruz.br\/apice\/reuniao-de-gestao-reforca-compromisso-do-hospital-de-base-ary-pinheiro-com-o-apiceon\/\" target=\"_blank\" rel=\"noopener noreferrer\">Reuni\u00e3o de gest\u00e3o refor\u00e7a compromisso do Hospital de Base Ary Pinheiro com o ApiceON<\/a><\/li>\n<li style=\"text-align: justify;\">Not\u00edcias ApiceON &#8211; <a href=\"http:\/\/portaldeboaspraticas.iff.fiocruz.br\/apice\/porto-velho-ro-recebe-i-seminario-local-apiceon\/\" target=\"_blank\" rel=\"noopener noreferrer\">Porto Velho (RO) recebe I Semin\u00e1rio Local ApiceON<\/a><\/li>\n<li style=\"text-align: justify;\">Not\u00edcias ApiceON &#8211; <a href=\"http:\/\/portaldeboaspraticas.iff.fiocruz.br\/apice\/inclusao-de-populacoes-especiais-e-tema-do-primeiro-dia-do-seminario-macrorregional-norte\/\" target=\"_blank\" rel=\"noopener noreferrer\">Inclus\u00e3o de popula\u00e7\u00f5es especiais \u00e9 tema do primeiro dia do Semin\u00e1rio Macrorregional Norte<\/a><\/li>\n<li style=\"text-align: justify;\">Not\u00edcias ApiceON &#8211;\u00a0<a href=\"http:\/\/portaldeboaspraticas.iff.fiocruz.br\/apice\/curso-de-aprimoramento-interprofissional-em-obstetricia-e-ofertado-para-hospitais-da-regiao-norte\/\" target=\"_blank\" rel=\"noopener noreferrer\">Curso de Aprimoramento Interprofissional em Obstetr\u00edcia \u00e9 ofertado para hospitais da regi\u00e3o norte<\/a><\/li>\n<\/ul>\n<ul>\n<li style=\"text-align: justify;\">Not\u00edcias ApiceON &#8211; <a href=\"http:\/\/portaldeboaspraticas.iff.fiocruz.br\/apice\/hbap-garante-o-direito-da-gestante-escolher-acompanhante-na-hora-do-parto\/\" target=\"_blank\" rel=\"noopener noreferrer\">HBAP garante o direito da gestante escolher acompanhante na hora do parto<\/a><\/li>\n<li style=\"text-align: justify;\">Not\u00edcias ApiceON &#8211; <a href=\"https:\/\/portaldeboaspraticas.iff.fiocruz.br\/apice\/hospitais-da-regiao-norte-realizam-webconferencia-para-compartilhamento-de-resultados-apiceon-em-2019\/\" target=\"_blank\" rel=\"noopener noreferrer\">Hospitais da Regi\u00e3o Norte realizam webconfer\u00eancia para compartilhamento de resultados ApiceON em 2019<\/a><\/li>\n<li style=\"text-align: justify;\">Not\u00edcas ApiceON &#8211;\u00a0<a href=\"https:\/\/portaldeboaspraticas.iff.fiocruz.br\/apice\/saude-indigena-e-tema-de-oficina-no-hospital-de-base-dr-ary-pinheiro\/\" target=\"_blank\" rel=\"noopener noreferrer\">Sa\u00fade Ind\u00edgena \u00e9 tema de oficina no Hospital de Base Dr. Ary Pinheiro<\/a><\/li>\n<\/ul>\n","protected":false},"excerpt":{"rendered":"<p>Regi\u00e3o Norte Endere\u00e7o: Av. Gov. Jorge Teixeira, 3766 &#8211; Industrial, Porto Velho &#8211; RO, 76821-092 Contato: (69) 3216-5700 Site: http:\/\/www.rondonia.ro.gov.br\/ Depoimentos ApiceON &#8220;Uma coisa que eu acho muito importante no ApiceON e \u00e9 interessante difundir \u00e9 a quest\u00e3o da responsabiliza\u00e7\u00e3o, porque isso gera uma obriga\u00e7\u00e3o. De certo modo uma ades\u00e3o, principalmente como a gente tem [&hellip;]<\/p>\n","protected":false},"author":2,"featured_media":2405,"parent":1134,"menu_order":0,"comment_status":"closed","ping_status":"closed","template":"","meta":{"footnotes":""},"class_list":["post-2451","page","type-page","status-publish","has-post-thumbnail","hentry"],"_links":{"self":[{"href":"https:\/\/portaldeboaspraticas.iff.fiocruz.br\/apice\/wp-json\/wp\/v2\/pages\/2451","targetHints":{"allow":["GET"]}}],"collection":[{"href":"https:\/\/portaldeboaspraticas.iff.fiocruz.br\/apice\/wp-json\/wp\/v2\/pages"}],"about":[{"href":"https:\/\/portaldeboaspraticas.iff.fiocruz.br\/apice\/wp-json\/wp\/v2\/types\/page"}],"author":[{"embeddable":true,"href":"https:\/\/portaldeboaspraticas.iff.fiocruz.br\/apice\/wp-json\/wp\/v2\/users\/2"}],"replies":[{"embeddable":true,"href":"https:\/\/portaldeboaspraticas.iff.fiocruz.br\/apice\/wp-json\/wp\/v2\/comments?post=2451"}],"version-history":[{"count":10,"href":"https:\/\/portaldeboaspraticas.iff.fiocruz.br\/apice\/wp-json\/wp\/v2\/pages\/2451\/revisions"}],"predecessor-version":[{"id":3863,"href":"https:\/\/portaldeboaspraticas.iff.fiocruz.br\/apice\/wp-json\/wp\/v2\/pages\/2451\/revisions\/3863"}],"up":[{"embeddable":true,"href":"https:\/\/portaldeboaspraticas.iff.fiocruz.br\/apice\/wp-json\/wp\/v2\/pages\/1134"}],"wp:featuredmedia":[{"embeddable":true,"href":"https:\/\/portaldeboaspraticas.iff.fiocruz.br\/apice\/wp-json\/wp\/v2\/media\/2405"}],"wp:attachment":[{"href":"https:\/\/portaldeboaspraticas.iff.fiocruz.br\/apice\/wp-json\/wp\/v2\/media?parent=2451"}],"curies":[{"name":"wp","href":"https:\/\/api.w.org\/{rel}","templated":true}]}}